e
Let m = -37 - -41. Suppose -8*j + m*j = -216. Does 6 divide j?
True
Suppose 4*k = 5*v - 22, 2*k = -2*v - 1 - 1. Suppose -6*z + 4*z = 2*u, 2*u + 8 = v*z. Let n(l) = 3*l + 1. Is 3 a factor of n(z)?
False
Suppose -4*w + 16 = -2*w. Let h(t) = t**3 - 10*t**2 + 21*t - 16. Does 12 divide h(w)?
True
Let m = 385 - 175. Suppose 4*y + y = -m. Is y/(-4)*(-12)/(-7) a multiple of 15?
False
Suppose -17*t = -16*t + 4. Let a(d) = 3*d**2 + 5*d - 1. Is a(t) a multiple of 3?
True
Suppose 2*h - 138 = -r + 291, 0 = 2*h - 2*r - 432. Does 43 divide h?
True
Suppose 23 = -q + 4*b + 543, 511 = q + 5*b. Is q a multiple of 18?
False
Let q(d) = d**3 - d**2 - 3. Let s be -1 - -4 - 0 - 1. Let k be q(s). Is k/(-2) - (-663)/6 a multiple of 26?
False
Let p = -8 + 23. Let c = 67 - p. Is 13 a factor of c?
True
Let u(q) = 14*q + 108. Is u(28) a multiple of 15?
False
Let g = 1711 + -786. Does 37 divide g?
True
Suppose 7*q = 8*q - 313. Is q a multiple of 47?
False
Suppose -2*x = -4*x. Suppose x = -0*k + k. Suppose 0 = 4*a - 4, k = 2*u + 3*a - 9 - 118. Does 21 divide u?
False
Let m(s) = -s + 2 + 1 + s**2 - s + 3*s. Does 3 divide m(-2)?
False
Suppose 406 - 160 = s. Let i = 141 - s. Is 25 a factor of 2/(-14) + (-4110)/i?
False
Let m = -17 + 35. Let k = 23 - m. Is 30/21*k*7 a multiple of 10?
True
Is (0 + (-511)/3)*(-35 - -29) a multiple of 21?
False
Let p be 6*(3 + -1 + 10/(-3)). Let f = p + 72. Is 4 a factor of f?
True
Let d(s) be the second derivative of -11*s**3/6 + 3*s**2/2 + 8*s. Does 5 divide d(-1)?
False
Suppose 0 = -4*d + 3*d + 183. Is 45/(-35) + (-2)/(-7) + d a multiple of 14?
True
Suppose 7*h = 14410 - 3035. Is h a multiple of 93?
False
Let d(z) = z**2 - 6*z - 3. Let g = 20 + -15. Suppose 4*h + 3*c - 37 = 0, 0 = -g*h + 6*c - c + 55. Does 14 divide d(h)?
False
Suppose 0*y = y + 4*j + 20, 0 = 4*y - j - 5. Suppose y = 14*v - 550 - 696. Does 20 divide v?
False
Is 59 a factor of 10 + -11 - (-1 + -177)?
True
Let h(a) be the second derivative of -a**5/20 - a**4/4 + a**3/2 - 3*a**2/2 + 4*a. Let b be h(-4). Is 7 a factor of (3/(-6))/(b/(-34))?
False
Let m be 532/12 - 2/(-3). Suppose y - m = 3*k, 7*y - k - 169 = 2*y. Does 11 divide y?
True
Let s be ((-24*1)/(-3))/2. Suppose -s*r = -9*r + 15. Suppose -r*x - 21 - 18 = -3*j, -35 = -3*j - x. Does 4 divide j?
True
Suppose 0 = -3*u - 2*t + 23, -2*u + 0*u = 2*t - 18. Suppose -2*l = 3*v - 3*l - 151, -u*v - 2*l + 248 = 0. Does 15 divide v?
False
Suppose 6*r + 259 = 7*r - 5*c, -238 = -r - 2*c. Is 46 a factor of r?
False
Let q(l) = l**2 - 7*l - 24. Does 12 divide q(11)?
False
Suppose -3*b + 216 = 5*a, -4*b + a - 6*a + 293 = 0. Is 5 a factor of b?
False
Let z(w) = w**3 + w**2 - w + 1. Let k(c) = -2*c**3 - 17*c**2 + 9*c - 31. Let n(q) = k(q) + 3*z(q). Does 6 divide n(14)?
False
Is 7 a factor of (-1393)/(-2)*(-4 - -6)?
True
Let y = -5 + 10. Let b(k) = -44 + y*k + 38 + k. Is b(3) a multiple of 12?
True
Let n(k) be the first derivative of 19*k**2/2 + 6*k - 4. Is n(4) a multiple of 41?
True
Let i = 170 - 250. Let g be (-2 + i)*-1*1. Let s = g - 46. Is s a multiple of 18?
True
Suppose -5*o = -2*x - 5030, 5*o + 4*x - 5015 = 9*x. Is o a multiple of 12?
True
Suppose 5*k - 500 = -5*z, -103*k = 2*z - 100*k - 197. Does 4 divide z?
False
Is 13 a factor of (1 - -1) + (-1)/(-1) + 127?
True
Let z(v) = v**2 + v + 6. Let r be (-2)/14 - 4/(-28). Let f be z(r). Suppose 5 = -5*u + f*u. Does 5 divide u?
True
Let y be (-75)/6*(-20)/25. Let g = -7 - y. Let n = 29 + g. Is 5 a factor of n?
False
Does 18 divide (-1 + 44/8)/(60/46640)?
False
Let j = -103 - -185. Suppose h - n = -j + 254, -2*h + n + 343 = 0. Is 28 a factor of h?
False
Suppose -3*p = -p + 18. Let h = p + 42. Is h a multiple of 11?
True
Suppose -24*f = -10426 - 9062. Is 29 a factor of f?
True
Let m(r) = r**3 + r**2 + r - 138. Let p be m(0). Let k = -54 - p. Does 12 divide k?
True
Let r = 466 + -256. Suppose 0 = -44*k + 38*k + r. Is k a multiple of 5?
True
Is -6*2802/(-72)*4 a multiple of 13?
False
Suppose 11*t = 9*t - 712. Let o = 599 + t. Is 22 a factor of o?
False
Suppose g + 2*b - 59 = -0*b, 3*g = -2*b + 185. Is 30 a factor of g/147 + (-1198)/(-14)?
False
Let r be 610/(-5)*(-2)/4. Suppose 3*w = -r + 19. Let c = w - -92. Does 14 divide c?
False
Let q(h) = -25*h + 2 - 3 + 6*h + 0. Let p be q(8). Does 8 divide (-1)/(2 + p/75)?
False
Suppose 0 = 5*p - 0 - 20, -z = -5*p + 30. Let o = z - -12. Suppose o*y - 28 = -0*y. Is y a multiple of 11?
False
Let v = 1 + -2. Let b(j) = 42*j**3 - j**2 - 3*j - 1. Let g be b(v). Let p = g + 61. Is 8 a factor of p?
False
Let i(l) = -l**2 + 9*l + 27. Suppose 13*g - 11*g = 22. Let n be i(g). Suppose 87 = 4*j + 5*d, n*d - 27 = -j + 6. Does 9 divide j?
True
Let h(w) be the first derivative of 7*w**2 + 2*w - 31. Let q = 4 + -2. Does 30 divide h(q)?
True
Let a(s) = -s**3 - 19*s**2 - 2*s + 55. Is a(-19) a multiple of 10?
False
Does 21 divide (((-119392)/39)/(-16))/(4/18)?
True
Let y(s) = -4*s - 4. Let k be y(-5). Let z = k - 11. Suppose 65 = z*r + 20. Is 9 a factor of r?
True
Suppose -3*h = 131 - 599. Is 13 a factor of h?
True
Let a(i) = 16*i**2 - 2*i - 1. Let t(q) = -q + 3. Let f be t(1). Does 9 divide a(f)?
False
Let b(m) be the third derivative of m**4/6 - m**3/3 - m**2. Let z be b(1). Suppose -2*h - z*h + 112 = 0. Is 13 a factor of h?
False
Suppose -5*l = -c - 487, 309 = -0*l + 3*l + 5*c. Let h = l - 65. Does 25 divide h?
False
Suppose -11*d + 13*d - 5*o = 1054, 0 = 3*o + 6. Does 5 divide d?
False
Let c(h) be the third derivative of h**7/1260 + h**6/80 - h**5/40 + h**4/4 - 11*h**2. Let m(n) be the second derivative of c(n). Is 8 a factor of m(-7)?
True
Let d = -22 - -100. Suppose d = -7*r + 10*r. Is r a multiple of 2?
True
Let a be 2/(3 - (-10)/(-4)). Suppose -5*r + 54 = a*c, -6*c = -2*c - 3*r - 38. Suppose 9*i + 52 = c*i. Is i a multiple of 8?
False
Suppose -5*j - 8 = 7. Let s = j + 6. Is (1/s)/(5/615) a multiple of 13?
False
Let v = 641 - 387. Let t = v - 161. Is t a multiple of 31?
True
Suppose 9 = -4*u + u, 0 = -x + 4*u + 53. Suppose x = -3*g + 4*g. Is g/(-1*(-3)/3) a multiple of 18?
False
Let l(i) = i**3 - 21*i**2 + 21*i - 8. Let z be l(20). Let o(p) = -z*p - 11 + 5 + 8. Is 26 a factor of o(-2)?
True
Let i(o) = 4*o - 1. Let j be i(5). Suppose -3 + 17 = -2*h - 5*n, h - 4*n = j. Suppose h*b = -30 + 120. Is b a multiple of 10?
True
Let h(t) = t**2 + 13*t - 2. Let v be h(-13). Let n = 25 - v. Does 27 divide n?
True
Let j = -15 - -39. Suppose -c + 2*v + v = -j, -2*c - 5*v = -4. Suppose -d + 2*q + 2*q - c = 0, 2*d - 20 = -3*q. Is 2 a factor of d?
True
Let j(x) = x**3 - x**2 + x - 1. Let a be -1*(1 + 1 - 1). Let h(l) = -2*l**3 + 12*l**2 + 12*l - 15. Let b(c) = a*j(c) - h(c). Is 2 a factor of b(12)?
True
Let f = 197 + 30. Is 10 a factor of f?
False
Let x = 22 - 31. Let i = -14 - x. Let t(n) = -n**2 - 14*n - 3. Is t(i) a multiple of 21?
True
Let v(l) = -l**2 - 10*l - 22. Let c be v(-7). Suppose 5*j + 10 = 2*n + 7*j, -5*n - 2*j = -16. Is 8 a factor of (c + -1)/(n/(-19))?
False
Suppose -102 = 5*g - 432. Suppose 0 = 2*s - g - 144. Does 8 divide s?
False
Let q(c) = -2*c**2 + 43*c - 31. Let p be q(21). Is ((-12)/10)/(p/225) a multiple of 2?
False
Let a = 12 - 7. Suppose -a*v = 5 - 25, 92 = 2*q + 2*v. Is q a multiple of 9?
False
Suppose 0 = -3*q + 5*q - 2*y - 116, 5*q - 280 = -5*y. Suppose q = 3*i - 0*i - 2*l, l + 60 = 3*i. Is i a multiple of 8?
False
Let c(h) = h**2 + 36*h - 125. Is 11 a factor of c(-43)?
True
Let b = -5 - -29. Suppose n + 3 + 3 = 0. Let p = b + n. Does 18 divide p?
True
Let i(m) = m**3 + 26*m**2 - 21*m - 22. Does 94 divide i(-25)?
True
Suppose -4081 = -5*d - r, -5*r + 642 + 179 = d. Is d a multiple of 51?
True
Let d = -30 - -33. Does 7 divide 3/(2 - d) + 31?
True
Let x(w) = w + 13. Let v be x(-11). Suppose -v*z = -3*z. Suppose s - 30 - 36 = z. Is 26 a factor of s?
False
Let z(u) = -u + 45. Let a(x) = -x**2 - 4*x. Let c be a(-4). Suppose -5*b + c*b = 0. Does 27 divide z(b)?
False
Suppose 0 = 3*p + 5*b - 3530, -5*b - 1 = 9. Is p a multiple of 20?
True
Let z(n) = 4*n**3 - n**2 - 2. Let l be z(-2). Let b = -14 - l. Is 20 a factor of b?
False
Suppose 0 = -3*h - 2*r - 529, 208 = -h - 2*r + 25. Let j = h + 253. Does 17 divide j?
False
Let k = 2364 - 1600. Does 12 divide k?
False
Let u(y) = -6*y - 1. Let o be u(-1). Suppose 0 = 5*f + w - o*w - 115, 12 = f - 3*w. Does 9 divide 